 -2) + 6 - -1.
4
Evaluate 408 - 410 - (1 + -1 + 7).
-9
What is the value of -2 + -4 + (1 - -3) - -3?
1
What is the value of 3 - (8 - (-1 + 8))?
2
What is 10 - (15 + -5 + -1)?
1
What is 6 + (0 - -2 - 2)?
6
Evaluate 2 + -2 + 1 - (4 + -2).
-1
What is 48 - 54 - (0 - 11)?
5
What is the value of 1 + 1 - (3 + -5)?
4
Calculate (117 - 117) + 5 + 0.
5
Evaluate (-3 - -2) + -6 + 6 + -2.
-3
What is the value of 1 + 1 + (1 - (6 + -5))?
2
2 - ((8 - 6) + 1 + -2)
1
What is 5 - (3 + -1 + -4 - -4)?
3
Evaluate 4 + -4 + 2 + (-3 - -2).
1
What is the value of 0 + (-2 - -3) + 7 - 4?
4
Calculate -2 + (7 - (3 - -2)).
0
What is the value of -2 - (1 + -4 + 5)?
-4
Evaluate -15 + -4 + 11 + 11.
3
Calculate (-6 - 0 - -5) + -6.
-7
4 - 8 - (-5 + (1 - -4))
-4
What is (24 - 19) + 2 + 1?
8
What is the value of 4 + (1 - 7) + -6 - -7?
-1
What is -5 + (4 - 4 - -2) - -5?
2
What is (1 - 1 - -1 - -1) + 2?
4
Evaluate -3 - (-9 - (-2 + -1 + -2)).
1
What is the value of 3 + 1 + (-5 - (-4 + 1))?
2
Evaluate 3 + 8 + -7 + (5 - 4).
5
Calculate 2 + -3 + -8 + (5 - 3).
-7
6 + -7 - (-1 + -4)
4
Evaluate (-8 - (8 - 3)) + 2.
-11
Calculate -2 + 1 + (-16 - -13).
-4
Evaluate 1 + -8 - (1 + -9) - 3.
-2
Evaluate -8 + 0 + 10 + -2 - 7.
-7
What is the value of -2 - (3 - (4 + 5)) - 2?
2
What is (0 - (3 - 5)) + 1 + 1?
4
What is the value of (-9 - -4) + (2 - -4) + -6?
-5
What is 1 - (-5 + -3 - -13)?
-4
Calculate (-121 - -124) + (-1 - -2 - 1).
3
What is -16 - ((-2 - 2) + -5)?
-7
-4 - (4 + -9 + 9 + -5)
-3
What is the value of -1 + -1 - (14 - 18)?
2
Evaluate 9 - (5 - (2 + -5)).
1
Calculate 1 + 1 - (2 - (-3 - 2)).
-5
What is (-7 - 1) + -1 + 6?
-3
Evaluate 2 + 0 + -5 - -8.
5
What is the value of (-2 - -8) + (-8 - (-18 + 10))?
6
(-5 - 1) + 5 + 2 + -5
-4
What is the value of (-3 - -5) + (14 - 1 - 9)?
6
Evaluate (5 - (2 - 4)) + (-1 - 0).
6
0 - (2 - (1 - (-1 + 5)))
-5
2 + (2 - 2) + 12 + -10
4
(-4 - -4) + (-5 - -1) + 0
-4
What is the value of 2 + (2 - 0) + 2 + -6?
0
What is 1 - 12 - (2 - 9)?
-4
(3 - 12) + (-2 - 8 - -15)
-4
Calculate 1 - (11 + (3 - 8)).
-5
-6 + (2 + -3 - (-15 - -9))
-1
Evaluate 2 - (5 + (-2 - (0 + 1))).
0
What is -2 + 5 + -1 + -7?
-5
Calculate -2 + (-2 - (1 - 7 - -3)).
-1
Calculate (-2 - 4) + (159 - 146).
7
1 + 9 - 7 - (8 - 0)
-5
Calculate -5 - ((0 - -1 - 2) + 1).
-5
Evaluate 2 + (-4 - -6 - 1).
3
0 + 1 - (-7 + 3 + 9)
-4
What is 0 + 7 - 8 - -1?
0
What is the value of 41 + -34 - (2 - -4)?
1
48 - 47 - (7 + -1)
-5
What is -1 + (-13 - 0) - -11?
-3
What is the value of -3 + (5 - -6) - (2 - -1)?
5
Calculate 3 + -9 + 5 + -2.
-3
(-4 - -2 - -9) + (-8 - -4)
3
Calculate 1 + -1 + -6 + 2.
-4
Calculate -3 + 2 + 0 + -2.
-3
Calculate -5 + 1 - ((-4 - -4) + -4).
0
Evaluate 11 + -15 + -3 - -2.
-5
What is (-1 - -2) + 5 + (2 - 4)?
4
Evaluate 1 - (-1 + 6) - (-46 - -48).
-6
(1 - 1) + -2 + (-1 - 1)
-4
Calculate -6 + -7 - (2 + -10).
-5
Calculate -1 - 1 - (26 + -22).
-6
16 - 17 - (0 + 4)
-5
(1 - -3) + (47 - 48)
3
Evaluate (7 + -5 - 7) + 0.
-5
What is (-4 + -1 - -2) + -2?
-5
Calculate 0 + 7 - -1 - (2 - -1).
5
Evaluate 4 + (-7 - (3 - 1)) - -6.
1
-5 - (-6 - -1) - (1 + 1)
-2
What is the value of 1 - -2 - (8 + -5) - 5?
-5
Calculate (-6 - -6 - 1 - 0) + 5.
4
What is the value of -6 + 6 + (-4 - -2 - -7)?
5
Calculate 8 - (-7 + -3 + 15).
3
Evaluate 10 - (9 + -9) - 1.
9
What is the value of -7 - (-3 - 4) - 8?
-8
0 + (-2 - (5 - 4)) - -3
0
What is -6 + (9 - (13 - 2))?
-8
Calculate 0 + (0 - -1 - (-12 - -7)).
6
Evaluate (2 - 0) + -2 - (-3 + 7).
-4
What is the value of (4 - 0) + 2 - 1?
5
What is the value of (-1 - 0) + (-6 - -12)?
5
Calculate 0 - (-4 + 1 - -7).
-4
Evaluate 1 + 0 + 0 + (-4 - -3).
0
What is the value of 6 + (-13 - -1 - (30 - 34))?
-2
What is the value of -2 + -1 + 1 + -2?
-4
Evaluate 2 + (3 - -3) + -3 + -2.
3
Calculate 4 - (9 + (-4 - (-5 - -2))).
-4
Evaluate -3 + 4 + (-9 - (-2 - 2)).
-4
What is the value of 4 + -9 + 3 - -7?
5
What is the value of 15 - (3 - -14) - (-8 + -1)?
7
What is -14 + 10 - (-8 - -1)?
3
-7 + 2 + 23 + -10
8
Calculate (-3 - (-6 + 4)) + 4.
3
7 + (-1 - -7) + -9
4
Evaluate 1 - (9 + -2) - -3.
-3
What is (1 - 5) + 15 + -4 + -5?
2
Calculate 4 + 0 + -1 + 0.
3
Calculate (2 + (-5 - -2) - 4) + 3.
-2
4 - (1 - (1 + (-3 - -4)))
5
What is the value of 4 + (-7 - (-7 + 1))?
3
Calculate 0 + -2 - (89 - 82).
-9
Calculate -3 - -1 - (-6 + 0 + 3).
1
What is (-1 - -1) + (2 - 2) + -3?
-3
What is the value of -6 - (-1 + -8 + 2)?
1
What is the value of 902 + -899 + 8 + -1 + 0?
10
4 + 2 + (2 - 1)
7
Calculate 11 + (-7 - -1) + (-1 - 4).
0
Evaluate 0 + -3 - (-22 + (-3 - -13)).
9
Calculate -2 + -3 - (-2 + (2 - 3)).
-2
Calculate -4 - ((0 + 3 - -1) + -4).
-4
Evaluate 1 - 4 - (-34 + 32).
-1
Calculate -2 - ((1 - 3) + 2 - -2).
-4
What is (0 - -1 - -5 - 6) + -6?
-6
Evaluate 6 - (6 - 4) - -1 - 4.
1
What is the value of -2 + (-4 + 5 - 5) - -7?
1
(-2 - -3) + -1 + 0
0
Evaluate 2 - (3 - (2 - (-2 - -1))).
2
What is 0 + (4 - (3 - 2 - -5))?
-2
Evaluate -2 - -1 - (-11 + 10).
0
What is -11 - (-7 + -9 + 12)?
-7
Calculate 4 + (-2 - (4 - 9) - 3).
4
Evaluate 1 + -6 - (1 + -5).
-1
What is (15 - (14 - 7)) + -2?
6
What is the value of (1 - -5) + 16 + -17 - 12?
-7
What is the value of 2 + 3 + -17 + 8?
-4
Calculate -1 - (2 - (3 + -6) - 6).
0
-5 + (0 - (-2 - 0))
-3
What is the value of 6 + -9 - -9 - 2?
4
Evaluate 2 + -2 + 0 + -1.
-1
Calculate (-1 - 1) + -1 + (-9 - -15).
3
-4 + (0 - (-15 - -6))
5
What is the value of -9 + (-4 + 10 - (16 - 11))?
-8
What is (-2 + 0 + 2 - -3) + -7?
-4
What is (0 - 1) + (19 - (-3 + 22))?
-1
2 - (-2 - (1 - (3 - 2)))
4
Evaluate 109 + -104 - (0 - 0).
5
Evaluate 2 + (-4 - (2 - (3 + 2))).
1
Calculate 1 + 1 + (-1 - 2).
-1
Calculate 6 - (0 + 4 + (3 - 1)).
0
What is the value of (-3 - 0 - -9) + 3 - 4?
5
Evaluate 3 + (1 - (2 + -2 + 3)).
1
Evaluate 2 + -5 + (0 - -1).
-2
Calculate -10 - (-5 - (4 + -1)) - -2.
0
Evaluate -4 - -3 - 4 - -1.
-4
(1 - (-3 - -5)) + -3 + 1
-3
What is 4 + 0 + 4 - (-3 + 14)?
-3
Calculate -5 + 2 + (4 - 1).
0
Evaluate (2 - ((4 - 1) + 2)) + 1.
-2
What is (-1 - 2) + 6 - -2?
5
What is the value of (-1 - -16 - 15) + (0 - 5)?
-5
What is the value of 4 + -7 + -1 - -3?
-1
Calculate -1 - -5 - ((-7 - -13) + -1).
-1
What is the value of -7 - -4 - -5 - (-1 + 2)?
1
Evaluate 4 + -1 + -6 + 3.
0
20 + -19 + (-7 - 1) - -2
-5
Calculate 4 - (-1 - -2) - 8.
-5
Calculate -11 + (21 - (-1 - -10)).
1
(-11 - -6) + (-1 - -2)
-4
What is (-3 - -3) + -4 - (-13 + 1)?
8
4 - (11 - (3 + -4 - -4))
-4
Evaluate -29 + 32 + (-3 - 5).
-5
What is the value of (38 - 33) + (1 - 3)?
3
What is 5 + (-2 - -2) + -2?
3
What is -4 - (3 + (-15 - -3))?
5
4 + -14 + -2 + 12
0
What is -6 + (-12 + 3 + 5 - -5)?
-5
What is (1 - -3) + (-20 - (-25 - 1))?
10
-81 - -73 - (-18 + -1 - -1)
10
Calculate -27 + 11 + 12 - -10.
6
What is 1 + -4 + (6 - -2)?
5
Evaluate 5 + -2 - (11 - (1 - -2)).
-5
What is 0 - (-3 + 1 + 3)?
-1
What is the value of 0 + 4 + -3 - (-5 + 7)?
-1
Calculate 3 + (2 - 1) + -2.
2
5 + -9 - (6 - (0 - -4))
-6
What is the value of (12 - 9) + 0 - 6?
-3
What is 0 + -3 - -3 - -2?
2
What is 40 - 42 - (0 - -1 - -1)?
-4
What is the value of -5 + 0 + (0 - 0) - -4?
-1
Evaluate -3 + 7 - (4 + (-6 - -2)).
4
What is the value of (3 + 5 - 4) + 1?
5
Evaluate 5 + (17 - 16 - (4 - 3)).
5
-1 - (-9 + 1) - (-82 - -80)
9
-2 - -6 - (8 + -3) - 0
-1
Calculate -5 + 4 + (1 - (2 - 5)).
3
What is -1 - (0 - (1 - (-1 - -3)))?
-2
What is the value of -10 - ((0 - 11) + 5)?
-4
Evaluate (-6 - 4) + 2 + (-4 - -6).
-6
(-6 - 1) + 8 + 5
6
(-4 - -4) + -1 + -5 + 11
5
-6 - (5 - (9 - 3) - -6)
-11
What is 1 + -1 + 1 + (-2 - -3)?
2
-9 + 8 + 7 - 6 - 8
-8
Calculate (-9 - (8 - 7)) + 8.
-2
Calculate 4 + -4 + -1 - 6.
-7
(-8 - (-5 - (-5 - -3))) + 1
-4
What is the value of -6 + 4 + 3 + (-6 - -6)?
1
Evaluate 5 + -3 - ((1 - 7) + 3).
5
What is the value of (3 - 1) + (-8 - (-2 - 2))?
-2
What is the value of 14 - ((-13 - -32) + -7)?
2
Evaluate -3 + 0 - (-7 - (-6 - 1)).
-3
Calculate 0 + 1 + 1 + 3 + -2.
3
Evaluate (-14 - -29) + (-6 - 3).
6
What is the value of 21 + (-15 + 6 - 2)?
10
Calculate 4 + -3 + -3 + 0 + -3.
-5
What is (1 - 0) + -3 + (10 - 10)?
-2
Calculate 9 - (28 + -9 - 10).
0
12 + -2 + -5 - 5
0
0 - -3 - 4 - 1
-2
-2 - (-1 + 3) - -1
-3
Evaluate 2 + (-10 - -7) - -4.
3
What is the value of 1 + 6 + -22 + 8?
-7
What is the value of -51 + 44 + (-1 - -14)?
6
Evaluate -3 + (-7 - (-30 - -8 - -5)).
7
What is (1 - (3 - -2) - -4) + -2?
-2
Eval